 - 24*a**2 + 70*a - 45. What is the remainder when 708 is divided by k(21)?
96
Let s(h) = -h**3 + 9*h**2 - 18*h + 55. Let j(p) = -6*p + 17. What is the remainder when j(-6) is divided by s(7)?
26
Suppose 4*x = -20, 2*z + 3*x + 15 = 6*z. Suppose 0 = 2*p - z*p - 24. What is the remainder when (10/8)/((-10)/(-368)) is divided by p?
10
Suppose -169*q + 122*q + 5094 = 488. Calculate the remainder when 696 is divided by q.
10
Suppose -10929 - 18769 = -50*n - 10898. What is the remainder when n is divided by 333?
43
Suppose 8*k - 3*k - 230 = 0. Suppose 4*z + 1261 = -3*p - 142, 466 = -p - z. Let q = 486 + p. Calculate the remainder when k is divided by q.
21
Let y(z) = -2*z**3 - 11*z**2 - 7*z + 4. Let p(g) = g**3 + 9*g**2 - 10*g - 17. What is the remainder when p(-6) is divided by y(-5)?
11
Let a = 123867 - 123861. Let n = 7 - 5. Suppose n*b - 3 = 39. What is the remainder when b is divided by a?
3
Suppose -4*g = 3*h - 61 + 11, 10 = 5*h. Suppose -3*i + 644 = i. Let m = i + -153. What is the remainder when g is divided by m?
3
Let k = 144 + -136. Suppose 5*r + 6 + 9 = 0. What is the remainder when ((-2)/r)/((-2)/(-87)) is divided by k?
5
What is the remainder when 3 + 165 - 6 - (-4 + 1) is divided by 161?
4
Let k(r) = 458*r + 2797. What is the remainder when 481 is divided by k(-6)?
40
Suppose 25*z - 5581 = 6019. What is the remainder when z is divided by 91?
9
Calculate the remainder when (28 - 22) + (-5)/1 - -3395 is divided by 79.
78
Let s = 12145 - 7556. What is the remainder when s is divided by 164?
161
Let z(c) = -c**3 + 3*c**2 - 29*c + 143. What is the remainder when 1802 is divided by z(4)?
9
Suppose -4*k - 2832 = 13*k - 25*k. What is the remainder when k is divided by 54?
30
Let d = -2 - -1. Let g = 1960 - 1958. What is the remainder when d/3 - (-40)/12 is divided by g?
1
Let g be ((-159)/(-3))/(4/(-2) + 3). Suppose 6*q = 7*q - 4*l - 35, -3*q = l - g. Let t(z) = -z**2 + 20*z + 6. Calculate the remainder when t(q) is divided by 8.
1
Suppose -10*x + 3752 = 3652. Calculate the remainder when 447 is divided by x.
7
Let t be (-10)/(-20)*0*(-2)/2. Suppose 16*i - 215 - 745 = t. Calculate the remainder when i is divided by 26.
8
What is the remainder when 40542 is divided by (-1 - -6) + -6 + 4 + -159 + 207?
48
Let y be (105/10)/3*2. Suppose -4*k + 1 = -y. Suppose k*s = 5*s - 60. What is the remainder when 79 is divided by s?
19
Suppose -4*m + 7*m = q - 355, 0 = -5*m + 3*q - 597. Let i(r) = 22*r - 132. Let s be i(14). Let x = m + s. Calculate the remainder when x is divided by 30.
29
Let p(k) = -5*k - 28*k + 8185 - 8123. What is the remainder when p(0) is divided by 29?
4
Suppose -2*l - 3*d = -5*l + 180, -241 = -4*l + 5*d. Let h(p) = 4*p**2 + 348*p + 5174. What is the remainder when l is divided by h(-68)?
5
Suppose -83*m - 281*m + 2912 = 0. Calculate the remainder when 7917 is divided by m.
5
Suppose 88 + 1578 = 34*r. Let x = -68 - -73. Calculate the remainder when r is divided by x.
4
Suppose -48*x - 2*x + 3167 + 1683 = 0. What is the remainder when 955 is divided by x?
82
Suppose 333 = 2*i + 4*v + 117, 3*i - 2*v - 348 = 0. Suppose i = j + j. Let x = j + -38. What is the remainder when 71 is divided by x?
14
Suppose -8*y + 76 = 4. Suppose -11*z - y*z + 1960 = 0. Calculate the remainder when z is divided by 10.
8
Let k be (4 + -4)/(-1)*1. Suppose 484 = -4*n - k*n. Let j = 133 + n. Calculate the remainder when 34 is divided by j.
10
Let x = -10 - -88. Let k(f) = 5*f**2 - 9*f - 161. What is the remainder when k(-7) is divided by x?
69
Let z be 4/14 + 9/(-7). Let k(s) = 3336*s + 86739. Calculate the remainder when 5 + 2 + z + 1 is divided by k(-26).
1
Suppose -354 = -3*h - 3*o, -270 = -3*h + 5*o + 124. Calculate the remainder when 176 is divided by h.
53
Let r(p) = 67*p - 141. Let s be r(6). Calculate the remainder when 18/6 + -6 + s is divided by 10.
8
Let v = -1757 - -2326. What is the remainder when v is divided by 143?
140
Let q be 14/2 + (-115)/23. Suppose -q*j + 9 = -11. Calculate the remainder when 31 is divided by j.
1
Suppose f + f = 2*c + 70, 0 = 3*f + 4*c - 133. Suppose 66 = 3*m - 5*d, 3*m - d + 5*d = f. What is the remainder when 64 is divided by m?
13
Let j be (-2)/1*(-8)/4. Let m(q) = 2*q**2 - 3*q + 9*q - 119*q**3 - j*q. What is the remainder when m(-1) is divided by 30?
29
Let t(k) = 5*k**2 - 71*k + 26. Let x(i) = 7*i**2 + 7*i + 22. Calculate the remainder when t(16) is divided by x(-2).
26
Let h(s) = -2*s**3 - 35*s**2 - 28*s + 11. What is the remainder when h(-18) is divided by 140?
139
Suppose 4 + 28 = 4*m. Let x(p) = 106*p + 5. Let i be x(2). Let s = 246 - i. Calculate the remainder when s is divided by m.
5
Suppose -616*o - 11958 = -596*o - 51118. Calculate the remainder when o is divided by 140.
138
Suppose -4801 = -12*f - 4285. What is the remainder when 64 is divided by f?
21
Suppose 4811 = -23*r + 40*r. What is the remainder when r is divided by 74?
61
Let m = 2036 - 1. Calculate the remainder when m is divided by 70.
5
Let x be (-22)/(-6) - (-2)/6. Suppose -p + x = -76. What is the remainder when p is divided by (5 - 9/30*5)*8?
24
Suppose -5*d = -r + 383, -38*r - 3*d - 710 = -40*r. Calculate the remainder when r is divided by 50.
43
Let u = -512 - -518. What is the remainder when 59 is divided by (226 - -2)/u + (-1 - 2)?
24
Suppose -32*d - 4*d - 241128 = 0. Calculate the remainder when 3/4 - d/136 is divided by 4.
2
Let k = 602 + -580. Let q = 22 - 20. Suppose -q*i - 516 = -6*i. Calculate the remainder when i is divided by k.
19
Let s be ((-4)/(-16))/((-1)/(-2))*34. Suppose -3*d + s*d - 294 = 0. What is the remainder when d is divided by 6?
3
Let m = 2985 - -1. What is the remainder when m is divided by 61?
58
Let g = 521 - 363. Suppose -4*z = -5*q - 167, -5*z + 2*q = -z - g. Suppose -42 = 3*k - 5*k. Calculate the remainder when z is divided by k.
17
Let q(v) = -15*v - 38. Let c = 47 + -54. What is the remainder when q(c) is divided by 18?
13
Let u(r) = r**2 + 5 - 1 + 5 - 6*r. Let c be (-48)/(-60) + 52/10. What is the remainder when 26 is divided by u(c)?
8
Let l = 28029 - 28013. Calculate the remainder when 14477 is divided by l.
13
Let l(k) = k**3 - 5*k**2 - 4*k + 38. Let u be l(4). Suppose -46 = -p - 6. Suppose b - u*b = -p. Calculate the remainder when 21 is divided by b.
5
Suppose 0*q = -q + 629. What is the remainder when q is divided by (-61 - -26)*(-4)/2?
69
Suppose -51*q + 4559 = 46*q. Calculate the remainder when 150 is divided by q.
9
Let d(b) be the second derivative of 77/2*b**2 - 11*b + 1/12*b**4 + 0 + 0*b**3. What is the remainder when d(0) is divided by 20?
17
Let z(p) = -p**2 - 8*p. Let a be z(-7). Suppose -a*f + 828 = 5*f. Calculate the remainder when f is divided by 36.
33
Let v = -32 + 53. Suppose -17*d + v - 4 = 0. What is the remainder when (-4)/2 + 7 + -2 is divided by d?
0
What is the remainder when 1363 is divided by ((-3 + 0)/12)/((-25)/3500)?
33
Let k(z) = 43*z - 16516. Let r(i) = i**3 - 7*i**2 + 8*i - 2. What is the remainder when k(388) is divided by r(6)?
8
Let j = 13879 - 13839. Calculate the remainder when j is divided by ((-18)/8)/((-21)/224).
16
Let g(i) = 2*i**2 + 19*i + 41. Suppose 6*o - 385 = 215. What is the remainder when o is divided by g(-10)?
49
Suppose 181 + 553 = 34*z + 156. What is the remainder when 1969 is divided by z?
14
Let p = -226 - -464. Let n(c) = 2*c**2 + 5*c + 20. Calculate the remainder when p is divided by n(-6).
52
Let n = -146 + 66. Let g = n - -103. What is the remainder when 43 is divided by g?
20
Let w be ((36/10)/(-3))/((-57)/190). Suppose -15 = 3*g, w*b + 2*g - 65 = -19. Calculate the remainder when 907 is divided by b.
11
Let i = -4335 + 6700. What is the remainder when i is divided by 27?
16
Let g(p) = 3*p**2 + 12*p + 4. Let i be g(-8). Let t = 102 - i. Suppose t*d - 721 = -205. What is the remainder when d is divided by 29?
26
Suppose -3770 = 9764*d - 9774*d. What is the remainder when d is divided by 146?
85
Suppose -14 = -x + 3*o, 3*o + 0*o = 3*x - 48. Calculate the remainder when 579 is divided by x.
1
Let o(q) = q**3 - 27*q**2 - q + 29. Let b be o(27). Let h(d) = -8 + 550*d**2 + d**3 - 550*d**b - 7*d. Calculate the remainder when 54 is divided by h(4).
26
Let m be (-2)/(-7) - 8109/(-63). Let a = -97 + m. Suppose 80 = 4*t + a. What is the remainder when t